{"id":16802,"date":"2025-06-13T07:38:29","date_gmt":"2025-06-13T07:38:29","guid":{"rendered":"https:\/\/miningontop-africa.com\/speaker\/honorable-minister-m-mohamed-lamine-sy-savane\/"},"modified":"2025-06-13T07:40:53","modified_gmt":"2025-06-13T07:40:53","slug":"honorable-minister-m-mohamed-lamine-sy-savane","status":"publish","type":"speaker","link":"https:\/\/miningontop-africa.com\/fr\/speaker\/honorable-minister-m-mohamed-lamine-sy-savane\/","title":{"rendered":"Honorable Minister M. Mohamed Lamine Sy Savane"},"content":{"rendered":"<div>\n<p><b>EXPERIENCE PROFESSIONNELLE<\/b><\/p>\n<p><b>Ao\u00fbt 2022 \u2013 \u00e0 date\u00a0<\/b>: Ministre Directeur de Cabinet de la Primature.<\/p>\n<p><b>D\u00e9c. 2022 \u00e0 date\u00a0: <\/b>Pr\u00e9sident du Conseil d\u2019Administration de l\u2019Institut National de la Statistique (INS) et <b>membre du Conseil d\u2019Administration <\/b>de l\u2019Agence Nationale pour l\u2019Inclusion Economique et Sociale (ANIES)<\/p>\n<p><b>Ao\u00fbt 2022 \u2013 \u00e0 date\u00a0:<\/b> Pr\u00e9sident de la Commission Technique du Comit\u00e9 de Pilotage pour la mise en \u0153uvre des recommandations issues des Assises Nationales.<\/p>\n<p><b>Nov. 2021 \u2013 Aout.2022\u00a0<\/b><b>: Secr\u00e9taire G\u00e9n\u00e9ral du Minist\u00e8re des Mines et de la G\u00e9ologie.<\/b><\/p>\n<p><b>2017 &#8211; 2021\u00a0<\/b>: Vice-Pr\u00e9sident du Comit\u00e9 de Pilotage du Symposium Mines Guin\u00e9e.<\/p>\n<p><b>Juillet 2016 &#8211; Nov 2021\u00a0: <\/b>Directeur G\u00e9n\u00e9ral du Centre de Promotion et de D\u00e9veloppement Miniers (CPDM).<\/p>\n<p><b>2016 &#8211; 2021\u00a0: <\/b>Pr\u00e9sident du Comit\u00e9 Technique des Titres Miniers et Autorisations diverses, Minist\u00e8re des Mines et de la G\u00e9ologie.<\/p>\n<p><b>2014 &#8211; 2021\u00a0: <\/b>Membre du Comit\u00e9 Technique D\u2019Appui (CTA) au Conseil de Coordination Economique et des Reformes (CCER) \u00e0 la Primature.<\/p>\n<p><b>2014 \u00e0 2016\u00a0: <\/b>Coordinateur G\u00e9n\u00e9ral du projet Alliance Mining Commoditie \u00ab\u00a0AMC\u00a0\u00bb ;<\/p>\n<p><b>2011 \u00e0 2014\u00a0: <\/b>Coordinateur G\u00e9n\u00e9ral du projet Simandou Bloc 1 et 2 et Zogota ;<\/p>\n<p><b>2006 \u00e0 2009<\/b>\u00a0: G\u00e9ologue charg\u00e9 de la prospection et d\u2019\u00e9valuation des ressources au compte de Bureau de Recherche G\u00e9ologique et Mini\u00e8re (BRGM France).<\/p>\n<p><b>2005 \u00e0 2010<\/b>\u00a0: Chef Service \u00e0 la Direction des Etudes et de la Prospective, Minist\u00e8re des Mines et de la G\u00e9ologie.<\/p>\n<\/div>\n","protected":false},"excerpt":{"rendered":"<p>EXPERIENCE PROFESSIONNELLE Ao\u00fbt 2022 \u2013 \u00e0 date\u00a0: Ministre Directeur de Cabinet de la Primature. D\u00e9c. 2022 \u00e0 date\u00a0: Pr\u00e9sident du Conseil d\u2019Administration de l\u2019Institut National de la Statistique (INS) et membre du Conseil d\u2019Administration de l\u2019Agence Nationale pour l\u2019Inclusion Economique et Sociale (ANIES) Ao\u00fbt 2022 \u2013 \u00e0 date\u00a0: Pr\u00e9sident de la Commission Technique du Comit\u00e9 [&hellip;]<\/p>\n","protected":false},"featured_media":16801,"template":"","speaker_category":[212],"class_list":["post-16802","speaker","type-speaker","status-publish","has-post-thumbnail","hentry","speaker_category-2025-speaker-fr"],"acf":[],"_links":{"self":[{"href":"https:\/\/miningontop-africa.com\/fr\/wp-json\/wp\/v2\/speaker\/16802","targetHints":{"allow":["GET"]}}],"collection":[{"href":"https:\/\/miningontop-africa.com\/fr\/wp-json\/wp\/v2\/speaker"}],"about":[{"href":"https:\/\/miningontop-africa.com\/fr\/wp-json\/wp\/v2\/types\/speaker"}],"wp:featuredmedia":[{"embeddable":true,"href":"https:\/\/miningontop-africa.com\/fr\/wp-json\/wp\/v2\/media\/16801"}],"wp:attachment":[{"href":"https:\/\/miningontop-africa.com\/fr\/wp-json\/wp\/v2\/media?parent=16802"}],"wp:term":[{"taxonomy":"speaker_category","embeddable":true,"href":"https:\/\/miningontop-africa.com\/fr\/wp-json\/wp\/v2\/speaker_category?post=16802"}],"curies":[{"name":"wp","href":"https:\/\/api.w.org\/{rel}","templated":true}]}}

<div>
<p><b>EXPERIENCE PROFESSIONNELLE</b></p>
<p><b>Août 2022 – à date </b>: Ministre Directeur de Cabinet de la Primature.</p>
<p><b>Déc. 2022 à date : </b>Président du Conseil d’Administration de l’Institut National de la Statistique (INS) et <b>membre du Conseil d’Administration </b>de l’Agence Nationale pour l’Inclusion Economique et Sociale (ANIES)</p>
<p><b>Août 2022 – à date :</b> Président de la Commission Technique du Comité de Pilotage pour la mise en œuvre des recommandations issues des Assises Nationales.</p>
<p><b>Nov. 2021 – Aout.2022 </b><b>: Secrétaire Général du Ministère des Mines et de la Géologie.</b></p>
<p><b>2017 &#8211; 2021 </b>: Vice-Président du Comité de Pilotage du Symposium Mines Guinée.</p>
<p><b>Juillet 2016 &#8211; Nov 2021 : </b>Directeur Général du Centre de Promotion et de Développement Miniers (CPDM).</p>
<p><b>2016 &#8211; 2021 : </b>Président du Comité Technique des Titres Miniers et Autorisations diverses, Ministère des Mines et de la Géologie.</p>
<p><b>2014 &#8211; 2021 : </b>Membre du Comité Technique D’Appui (CTA) au Conseil de Coordination Economique et des Reformes (CCER) à la Primature.</p>
<p><b>2014 à 2016 : </b>Coordinateur Général du projet Alliance Mining Commoditie « AMC » ;</p>
<p><b>2011 à 2014 : </b>Coordinateur Général du projet Simandou Bloc 1 et 2 et Zogota ;</p>
<p><b>2006 à 2009</b> : Géologue chargé de la prospection et d’évaluation des ressources au compte de Bureau de Recherche Géologique et Minière (BRGM France).</p>
<p><b>2005 à 2010</b> : Chef Service à la Direction des Etudes et de la Prospective, Ministère des Mines et de la Géologie.</p>
</div>

<p>EXPERIENCE PROFESSIONNELLE Août 2022 – à date : Ministre Directeur de Cabinet de la Primature. Déc. 2022 à date : Président du Conseil d’Administration de l’Institut National de la Statistique (INS) et membre du Conseil d’Administration de l’Agence Nationale pour l’Inclusion Economique et Sociale (ANIES) Août 2022 – à date : Président de la Commission Technique du Comité [&hellip;]</p>
